162*l + 244. What are the prime factors of v(12)?
2, 547
Suppose 0 = 2*a - 2*v - 0 - 2, 2*v + 4 = 3*a. Suppose a*y - 198 = z, 3*y - 162 = -5*z + 109. List the prime factors of y.
97
Suppose -2*h = -5*j - 210, -4*h - 5*j + 2*j = -368. Suppose -4*l + 860 = 3*t + h, -l = 2*t - 195. List the prime factors of l.
3, 7
Let g = -32 - -65. Suppose -603 = 6*p + g. List the prime factors of (-2)/(1 + p/102).
3, 17
Let x be 18/(-15)*(-335)/(-2). Let q = x - -420. What are the prime factors of q?
3, 73
Let t(f) = 2*f**3 - 10*f**2 + 10*f - 15. Let z be t(6). Let i = z + -17. What are the prime factors of i?
2, 5
Suppose -x + 4 = 0, 10 = 4*q - 3*q + 3*x. What are the prime factors of (-8 + 41)*q/(-6)?
11
Suppose -9*c = -45185 + 7448. List the prime factors of c.
7, 599
Let n = -4577 - -6410. List the prime factors of n.
3, 13, 47
Suppose -15*s + 10*s + 4979 = 4*v, 0 = 5*v - 5. What are the prime factors of s?
5, 199
Let m(r) = r - 4. Let l(w) = -w + 3. Let n(o) = -4*l(o) - 3*m(o). Let i be n(4). Suppose -5*k + 3*p = -61 - 151, i*p + 176 = 4*k. List the prime factors of k.
2, 5
Let c(o) = -o - 10. Let b be c(-13). Suppose 6*g - b*g - 123 = 0. Let l = g + -13. List the prime factors of l.
2, 7
Suppose -471 = -d + q, -d + 4*d + 4*q = 1441. What are the prime factors of d?
5, 19
Let u = 32 + -28. Suppose 0 = -j - 0*j + 2, u*x = -4*j + 120. List the prime factors of x.
2, 7
Let h = 30 + -32. List the prime factors of -8*(-20 - 4 - h).
2, 11
Suppose 0 = w - 0*w - 3. Suppose -2*x - w*x = 10. List the prime factors of x/4 - (-264)/16.
2
Suppose 5*s - f = 23911, 3*f = 8*s - 11*s + 14361. List the prime factors of s.
4783
Suppose -22*u - 766 = -23*u. Suppose 0 = 8*p - 2342 + u. What are the prime factors of p?
197
Suppose 2*b = -3*p + 1971, -3*b + 3006 = 5*p - 279. List the prime factors of p.
3, 73
List the prime factors of ((-20)/(-45))/4 + (-15713)/(-9).
2, 3, 97
Let b(m) = -10*m**2 + m - 1. Let p be b(3). Let v be (-1518)/5 - 4/10. List the prime factors of v/(-22) + (-16)/p.
2, 7
Suppose 0 = 20*k - 5862 - 24078. What are the prime factors of k?
3, 499
Let a(c) = c + 1. Let q = 49 - 33. List the prime factors of a(q).
17
Suppose -15*w + 2356 = -1649. What are the prime factors of w?
3, 89
Let d = 42 - 57. What are the prime factors of (1570/d)/((-2)/6)?
2, 157
Suppose 0 = -12*z + 11*z + 2. Suppose 2*m + r = 38, z*m = -0*m - 5*r + 46. What are the prime factors of m?
2, 3
Suppose -3*d + 3*n = 120, 0 = -5*n + 24 + 1. Let v = d - -49. Let h = v + -4. List the prime factors of h.
2, 5
Let b(f) = -113*f + 2322. List the prime factors of b(0).
2, 3, 43
Suppose 5*r = 4*c + 2*r - 4820, 2410 = 2*c + 3*r. What are the prime factors of c?
5, 241
Let s be 4 + (-2 - -1) + 3. Let q = s + 7. Suppose 3*g - 17 = -4*m + q, -2*m = -5*g - 28. List the prime factors of m.
3
Suppose -5*o - a = 148 - 1004, 0 = 4*a - 4. List the prime factors of o.
3, 19
Suppose 2*z - 9 = 213. Suppose -3*n - z = -297. What are the prime factors of n?
2, 31
Let a(t) = -3*t - 11. Let n = 76 + -100. List the prime factors of a(n).
61
Suppose -1323 = -11*s + 3880. List the prime factors of s.
11, 43
Let a be ((-21)/6)/((-5)/(-20)). Suppose -3*c + 12 = -5*c. Let t = c - a. List the prime factors of t.
2
Suppose j - 544 = 5*l, 0 = -2*j + 3*l + 565 + 488. Let m = -296 + j. What are the prime factors of m?
223
Suppose 0 = 5*w - 10*w + 1035. Suppose 0 = -2*p - p + w. What are the prime factors of p?
3, 23
Let o(m) = 19*m**2 + 4*m - 16. List the prime factors of o(-11).
2239
Let u(g) = -g + 7. Let y be u(7). Suppose y = -k - 1 + 139. What are the prime factors of k?
2, 3, 23
Let b(j) be the first derivative of -j**3/3 - 17*j**2/2 + 12*j - 24. List the prime factors of b(-8).
2, 3, 7
Let a = 1326 - 706. List the prime factors of a.
2, 5, 31
Let j be (-1814 - (-1 - 3))/(-2). Suppose t + j = 5*i, 31 = 3*i - 5*t - 490. What are the prime factors of i?
2, 7, 13
Let y be (2 - 5) + (16 - -3). List the prime factors of y/72 - 824/(-18).
2, 23
Let r = -6054 - -8604. What are the prime factors of r?
2, 3, 5, 17
Let j be -154 - -1*(5 - 2). Let s = j - -277. List the prime factors of (16/(-6))/((-6)/s).
2, 7
Suppose -3*p = -p + 4*d - 1284, -4*d - 1284 = -2*p. List the prime factors of p.
2, 3, 107
Suppose -19*r = 26*r - 129015. What are the prime factors of r?
47, 61
Suppose n + 2*z = 1013, 16*n = 11*n - z + 5029. What are the prime factors of n?
3, 5, 67
Suppose -23*t = -21*t - 14. Suppose 4*r - 14 = -t*i + 4*i, -3*r - 3*i + 12 = 0. Suppose -4*u + 102 = r*v, -u - 28 = -5*v + 172. What are the prime factors of v?
41
Let f be 1/(-2)*-2*-8. Let w be (12/f)/((-9)/204). Suppose 3*s = 2*c + s - w, 32 = 2*c - 3*s. What are the prime factors of c?
19
Let q(k) = -k**3 - 11*k**2 - 5. Let j(h) = -h**2 + 4*h - 6. Let l be j(5). Let n be q(l). Let t = -3 - n. What are the prime factors of t?
2
Suppose 1495 = 5*b - 60. List the prime factors of b.
311
Let p(v) = 3*v - 17. Let i be p(9). Suppose t - 12 + i = 0. Suppose -2*z - h = h - 76, 4*z - 152 = -t*h. What are the prime factors of z?
2, 19
Let k(h) = -87*h**3 - 5*h**2 + 3*h + 6. What are the prime factors of k(-2)?
2, 13
Suppose -3*m - 73 = -4*h, -3*h + 8*h + 3*m = 98. Let i = 24 - h. List the prime factors of i.
5
Let v be (0 - -1)/((-9)/(-3447)). Let w = 566 - v. What are the prime factors of w?
3, 61
Let v(u) = 2*u**2 + 17*u + 41. What are the prime factors of v(-17)?
2, 3, 5, 11
Let u(b) be the third derivative of -b**6/144 + b**5/40 + b**4/24 + 5*b**2. Let y(r) be the second derivative of u(r). What are the prime factors of y(-2)?
13
Suppose 4*j + 5 = 13, -5*j - 1536 = -q. What are the prime factors of q?
2, 773
Let b be (-12)/18 + 5/3. Let d = -8 + 25. Suppose p + l = -b + 2, 2*p = l + d. List the prime factors of p.
2, 3
Suppose 5*a + 113 = 2*d, d + 30 = -2*a - 8. Let k = 84 + a. What are the prime factors of k?
3, 7
Let t(f) = 139 - 155 + 20*f - f. What are the prime factors of t(3)?
41
Let t = 697 + 1039. List the prime factors of t.
2, 7, 31
Suppose 0 = u - h - 235, -3*h - 3 = -6*h. List the prime factors of u.
2, 59
List the prime factors of 2586/36*504/12.
7, 431
Let t be -3 + (-171)/(-15) - 8/20. List the prime factors of 140 + 12/(t/(-2)).
137
Let j be 1/2 + (-4683)/(-6) + 5. Suppose j = 2*b + 260. List the prime factors of b.
263
Let o(v) = -v**3 + 4*v**2 + 5*v + 7. Let k be o(5). Suppose -12*c + k*c = -420. Suppose 2*g + u - c = -u, u = 5*g - 198. What are the prime factors of g?
2, 5
Suppose 2*f + o = 3 + 4, 13 = 3*f - o. Suppose 0 = f*x - 1 - 55. Let r = 8 + x. What are the prime factors of r?
2, 11
Let q(s) be the first derivative of 53*s**2/2 - 36*s + 36. What are the prime factors of q(5)?
229
Let o(z) be the third derivative of z**4/12 - 5*z**3/6 - 2*z**2. Let u be o(7). Suppose l + 0*h = -4*h + u, 0 = 5*l - 2*h - 111. List the prime factors of l.
3, 7
Suppose 0 = -2*u + 24 + 16. Suppose u = r + 3*r. Suppose -7 = -s + r. What are the prime factors of s?
2, 3
Let i(p) = -3*p - 7. Let g be i(-6). Let u(m) = m**3 + 13*m**2 + 12*m - 7. Let t be u(-12). Let v = g - t. What are the prime factors of v?
2, 3
Suppose 0 = j + 5*z - 81, 0*j + z = -j + 73. Suppose n = 143 - j. What are the prime factors of n?
2, 3
Suppose 0 = 4*n - 0 + 8, 5*z - 5*n - 880 = 0. Suppose 0 = -2*u - 3*m + 116, 2*u + 4*m = -u + z. What are the prime factors of u?
2, 29
Let r(c) = -c**3 - 6*c**2 - 6*c - 3. Let s be r(-5). Let i(p) = 10 - s*p - 18 + 13. What are the prime factors of i(-6)?
17
Suppose 12*l = 7*l + 315. Suppose l*j = 60*j + 411. What are the prime factors of j?
137
Let p = -160 + 483. Suppose 0 = 15*k + p - 1538. List the prime factors of k.
3
List the prime factors of 5 + (-8216)/(-36) + (-12)/54.
233
Let f be (-3)/(12/(-8)) + 1. Suppose f*i + 36 = 5*i. Suppose i = -4*q + 162. What are the prime factors of q?
2, 3
Suppose 17 = 4*n - 3*l, -4*n + 2*l = 11 - 25. Let a = 4 - n. Suppose 0 = -3*p - a*j - 0*j + 97, -p + 28 = 5*j. List the prime factors of p.
3, 11
Let m(s) = 25*s**2 + 9*s - 53. List the prime factors of m(4).
383
Suppose -5 = 7*h + 2. What are the prime factors of (-1265)/(-7) - h*2/7?
181
List the prime factors of 1234*(-2)/(-4) + -14 + 8.
13, 47
Let b = 31 + -32. List the prime factors of b*(-5 - 138) - 3.
2, 5, 7
Let l = -6 - -8. Let y = -48 + 163. Suppose -3*v - 69 